. What is the units digit of (w/85)/((-2)/70)?
6
Suppose 25*p = 3*p + 10*p + 372468. What is the hundreds digit of p?
0
Suppose 10*p + 2*p - 45336 = 0. What is the units digit of p?
8
Suppose 46*h + 3*o = 51*h - 283359, -o = -5*h + 283363. What is the hundreds digit of h?
6
What is the thousands digit of (1485/(-162))/11 + 201599/6?
3
Suppose 5*u - 2*c = -58, -6*u = -3*u - 3*c + 33. Let y be u/(-54) + 16/9. Suppose -y*z - 7 = -57. What is the units digit of z?
5
Let i be (-2)/(-3*(-7)/(-42)). Suppose s - 5*d - 331 = 0, -4*s - d = -i*d - 1392. What is the tens digit of s?
5
Let d = 153 - 403. Let s = -243 - d. What is the units digit of s?
7
Suppose -4*g - 300 = -5*j, -4*g + 3*j - 82 = -3*g. Let l = 99 + g. Suppose 0 = r - 0 - l. What is the units digit of r?
9
Let m = -22432 + 40494. What is the ten thousands digit of m?
1
Let c = 24361 - 8092. What is the thousands digit of c?
6
Let r be (-2)/14 + (-13096)/56. Let b = 330 + r. What is the units digit of b?
6
Let n(d) = 2*d + 205. Let w be n(16). What is the hundreds digit of (-120 + 130)*(w/2 + 1)?
1
Suppose 0 = -392*q - 4221327 + 18563823. What is the hundreds digit of q?
5
Let m(r) = r**3 - 18*r**2 + 3. Let d be m(16). What is the hundreds digit of 4 - (d - (-5 + -1))?
5
Suppose 21992 = 16*z - 52296. What is the tens digit of z?
4
Let d(x) = -32*x**3 - 2*x**2 + x - 1. Let u be d(2). Let p = -380 - u. Let g = -74 - p. What is the tens digit of g?
4
Let i = 48874 + -25266. What is the ten thousands digit of i?
2
Let q(l) = -6*l**3 - 129*l**2 + 38*l - 12. What is the ten thousands digit of q(-25)?
1
Let z(j) = j - 1. Let c(i) = -3*i + 119. Let p(b) = c(b) - 2*z(b). Let f(v) = v + 4. Let a be f(-4). What is the hundreds digit of p(a)?
1
Suppose 12 = -h + 14. Suppose -2*u - 2*c = -0*c, h*u - 7 = 5*c. Suppose 0 = -o - u + 225. What is the tens digit of o?
2
Let d be (-11)/(-1) - (-6 - (-1 + -8)). Suppose -3399 = -d*q + 1697. What is the hundreds digit of q?
6
Let o be (-32)/(-4) + 2 + -4. Suppose -5*s - 4*m = -4504, 5*s - 2*m + 896 = o*s. What is the units digit of s?
4
Suppose -69*y = -480978 - 134019. What is the units digit of y?
3
Suppose 5*k - 6*k + 2*i = -212, -5*i = 4*k - 783. Suppose l - k = 247. What is the units digit of l?
9
Let n(s) = s**3 - 21*s**2 + 5*s - 102. Let d be n(21). Suppose d*y = -o + 191, 5*o = 3*y + 1349 - 358. What is the units digit of o?
7
Suppose 4*d - 7854 + 46434 = 0. What is the tens digit of 1 + (-30)/48 - d/8?
0
Let l(j) = 0*j - 3*j + j**3 - 13 + 6*j + 11*j**2. What is the hundreds digit of l(-7)?
1
Let h = -4933 - -5682. What is the hundreds digit of h?
7
What is the thousands digit of (-5990 - -8)*((-22)/12 - (-32)/24)?
2
Let f(p) = -p**3 + 9*p**2 - 15*p - 13. Let m be f(6). Suppose 572 = 2*o + 4*b, 0 = 4*b + 21 - m. What is the units digit of o?
4
What is the thousands digit of (144/(-20) + 5)*(-906 + 1)*2?
3
Suppose -4*w = -3*t + 83, -29*t + 31*t - 4*w = 50. What is the units digit of t?
3
Let u = 41 - 47. Let a = u + 23. Let q = a + -12. What is the units digit of q?
5
Suppose 0 = -5*w - 70 + 225. Suppose -5*i - q + 3*q - w = 0, q + 17 = -4*i. What is the units digit of (0 - -1)*(i - -23)?
8
Suppose -4*p - 149718 = 62*p - 471732. What is the tens digit of p?
7
Let m = -12121 - -86305. What is the tens digit of m?
8
Suppose 3*z - z - 4*y = -11588, -28944 = 5*z + 3*y. Let v be ((-3)/2)/(45/z). Suppose 2*f - 4*i - v - 17 = 0, -2*i + 8 = 0. What is the tens digit of f?
1
Let o(f) = f**2 + f - 21 - 3*f + 6*f + 7*f. Let g be o(-13). Suppose -5*p + 134 - 46 = 2*c, 186 = g*c + 4*p. What is the units digit of c?
4
Suppose u + 4*m + 10 = -u, 0 = u + 5*m + 20. Let s = 2536 + -1804. Suppose -s = -5*h - 3*k, 10*h = u*h - 2*k + 733. What is the tens digit of h?
4
Let c(k) = -k**3 + 3*k**2 - 20*k + 16. Let t be c(8). Let b = t - -707. What is the tens digit of b?
4
Suppose 0 = -4*p + 3*l + 18297, -2*p - 2123 = 4*l - 11255. Suppose -p = -14*o + 790. Suppose -o + 1415 = 6*w. What is the units digit of w?
2
Suppose -4865 + 1349 = 12*t. Let g = t + 1086. What is the hundreds digit of g?
7
Suppose -500*q - 1882940 = -989*q + 427*q. What is the tens digit of q?
7
Let n be (13 - 122976/(-49)) + (-2)/(-7). Let b = -1166 + n. What is the thousands digit of b?
1
Let j(o) be the second derivative of 17*o**5/10 - o**4/2 + 13*o**3/6 - 11*o**2/2 + 72*o. What is the units digit of j(3)?
2
Let r be (-1 + 0/2)/((-74)/(-88874)). Let i = 1916 + r. What is the hundreds digit of i?
7
Suppose 2*o + 384 = -2*p, -3*p - 586 = o + 4*o. Let y = p + 217. What is the units digit of y?
0
Let u(p) be the second derivative of -2*p**3/3 + 6*p**2 + 27*p + 1. Let i be (-1)/(-3)*(-4 + -29). What is the tens digit of u(i)?
5
Let j be -18*1*4/3. Let b be (-1260)/(-54)*1/((-10)/j). Let m = 84 + b. What is the tens digit of m?
4
Let v = 100 - 56. Let s(i) = -3*i + 2*i - i + v. What is the tens digit of s(13)?
1
Let g be (-5)/5 + (37 - 0). Suppose -35*l - 238 = -42*l. Suppose -l = -5*a + g. What is the tens digit of a?
1
Let x(f) be the third derivative of 0*f**3 + 0*f - 13/60*f**5 + 0 - 19*f**2 + 1/120*f**6 + 5/12*f**4. What is the units digit of x(13)?
0
Suppose 6 = 93*m - 95*m. What is the units digit of 2/((-40)/(-9068)) - m/5?
4
Suppose 11*k = -k + 1800. Suppose 149*b - k*b = -230. What is the tens digit of b?
3
Suppose 3*p = p + 140. Let f = -7 + 16. Suppose -y + p = -f. What is the tens digit of y?
7
Suppose n + 35 = 58. Suppose n*o - 24*o + 219 = 0. What is the hundreds digit of o?
2
Let y(h) = -69*h - 256. Let a(b) = -23*b - 85. Let t(p) = -17*a(p) + 6*y(p). What is the units digit of t(-19)?
6
Suppose 9*c + 2 = 8*c. Let a be ((-45)/10 + c)*2*-5. Let b = 165 - a. What is the tens digit of b?
0
Let r(i) = -i**3 - 20*i**2 - 4*i - 82. Let v be r(-20). What is the hundreds digit of (-1)/(-3)*v/((-6)/2331)?
2
What is the ten thousands digit of 2378/(-16 + 7 - 704/(-77))?
1
Suppose -2*a - 6 = 4, 3*l - 2*a = 55. Suppose -l*m = -7*m - 5888. What is the hundreds digit of m?
7
Suppose 354 = i - 5*r, 4*i - 543 = 3*r + 839. Let l be 238/((3/3)/1). Let c = i - l. What is the tens digit of c?
0
Suppose 0 = -4*d + 12*d + 12200. What is the hundreds digit of -2*d/(-30)*-3?
3
Suppose 2*k + 4*m = -m + 11283, 0 = -5*k - 3*m + 28160. What is the hundreds digit of k?
6
Let c(o) = 8*o + 55. Let d(m) = -9*m - 57. Let q(s) = -6*c(s) - 5*d(s). What is the tens digit of q(-30)?
4
Let h = 7862 - -3369. What is the thousands digit of h?
1
Let z(p) = -3*p**2 - p + 19. Let h be z(-6). Let c(d) = -6*d**2 - 3*d + 3. Let i be c(-6). Let n = h - i. What is the tens digit of n?
1
Suppose 0 = 3*t - 21, 460*r - 2*t - 44904 = 459*r. What is the thousands digit of r?
4
What is the ten thousands digit of 3750352/410*(-10)/(-4)?
2
Suppose -21*c + 17*c = 2*n - 88416, -110526 = -5*c - n. Suppose 0 = -9*p - 7103 + c. What is the hundreds digit of p?
6
Let b(v) = -2583*v + 13134. What is the units digit of b(-11)?
7
Suppose 2*z - h - 7 = 58, 3*z - 100 = 4*h. Let n = 28 - z. What is the tens digit of (36/(-14))/(n/28)?
1
Let d = 12807 + -6414. What is the units digit of d?
3
Let w be (0 + 1)*(14 - 12). Suppose w*s = 6*s - 1360. What is the tens digit of s?
4
Suppose -2*f = -2*r - 2, 4*r + 8 = 2*r. What is the units digit of (824 - -3) + (-2 - f) + -5?
3
Let h(s) = s**3 + 3*s**2 - 7*s - 6. Let m be 44/(-10) + -2 + (-36)/(-15). Let x be h(m). Let v(q) = 2*q**2 - 5*q + 26. What is the tens digit of v(x)?
6
Suppose 4*j + 4*i + 16 = 0, 3*j - 20 = i - 16. Suppose 0 = 5*q - p - 7392, p + 5914 = 4*q - j*q. What is the thousands digit of q?
1
Suppose 52207 - 396476 = -35*h + 107126. What is the thousands digit of h?
2
Let b = -40409 - -83524. What is the thousands digit of b?
3
What is the thousands digit of (-458)/1603 + (-77676)/(-14)?
5
Suppose 0 = 145*k - 140*k - 15. What is the units digit of (-42)/28 + (3879/2)/k?
5
Suppose 0 = -31*m + 53*m - 217822. What is the thousands digit of m?
9
Suppose 3*o + 0 = 21. Let c(g) = -g**3 + 15*g**2 + 10*g + 21. Let r(t) = -t**2 - 2*t - 1. Let k(i) = c(i) + 7*r(i). What is the tens digit of k(o)?
3
Let t(x) = 57*x - 26. Let g be t(-14). Let s = 1279 + g. Suppose -2*y - 3*y = -s. What is the units digit of y?
1
Suppose 158*c - 151*c = 63. Suppose 3666 + 168 = c*r. What is the hundreds digit of r?
4
Suppose -3*n +